-j - 5*k - w. What are the prime factors of j?
3
List the prime factors of 506/8 + (-15)/12.
2, 31
Suppose -20 = -5*w - 0*w. Suppose h - 20 = -w*i, -h = 2*i - 3*h - 10. List the prime factors of i.
5
Suppose 4*m = -5*d + 372, -m + 4*d - 2*d + 80 = 0. Suppose -20 - m = -3*t. List the prime factors of t.
2, 3
Let y(l) = 3*l - 2. Let b be y(-3). Let r = b - -41. What are the prime factors of r?
2, 3, 5
Suppose n = -0*n - 3, 2*b + 30 = 2*n. Let g = b + 30. What are the prime factors of g?
2, 3
Suppose 0 = r - 26 - 57. List the prime factors of r.
83
Let f be (3/2)/((-3)/(-4)). What are the prime factors of (18/(-30))/(f/(-10))?
3
Let b(l) = -10*l + 4. Suppose q = 1 - 4. List the prime factors of b(q).
2, 17
Let n(h) = -h**3 + 5*h**2 + 8*h - 9. Let j be n(6). Suppose 4*w - 18 = -3*y + y, -4*y + j*w = -25. List the prime factors of y.
7
What are the prime factors of 72/2 + 13 + -13?
2, 3
Let y(i) = -4*i**3 + 0*i + i**2 - 2*i**2 + 3*i**3 + 3*i. What are the prime factors of y(-3)?
3
Suppose 11 = 3*m + 4*u, 0 = -3*m + 5*u - 17 - 17. Let k = 1 + m. List the prime factors of -2 - -2*(9 + k).
2, 3
Let z(p) = -9*p**3 + p**2 + p - 1. Let o be z(1). Let j = 16 + o. Suppose 0 = k - 0 - j. List the prime factors of k.
2
Let p(a) = 3*a - 2. Let d be p(3). Let l = 35 - d. Suppose -4*u + 0*k = -3*k - l, -3*k - 38 = -5*u. What are the prime factors of u?
2, 5
Let d be (6/10)/((-5)/(-25)). Suppose -g = a - 19, a = d*g - a - 52. List the prime factors of g.
2, 3
Let u be (2/(-3))/(6/(-63)). Suppose -3*v = 5*n - v - 19, u = 2*n + v. Suppose 0 = -y - n, 3 = -3*r - 5*y - 1. What are the prime factors of r?
7
Suppose -2 = -2*d + 3*i, -5*d - i + 26 = 2*i. Suppose y = -0*y + 2, 26 = 2*p + d*y. Let c = p + 13. What are the prime factors of c?
2, 11
Let f = 49 - 22. What are the prime factors of f?
3
Suppose v = -4*v - 10. Let j be v*-2*(-3)/12. What are the prime factors of j/3 + (-32)/(-6)?
5
Let a = 548 - 314. List the prime factors of a.
2, 3, 13
Let o be (15/2)/(24/320). Suppose 5*n = n + o. What are the prime factors of n?
5
Suppose 5*v = 3*v - 4. Let o be -4 + v + 0/2. List the prime factors of (4/o)/((-3)/18).
2
Let i(o) = -29*o**3 + o**2 - o - 2. Suppose 4*l + 1 = -3. List the prime factors of i(l).
29
Let h = -14 + 8. Let t = h + 6. Let y = t + 3. What are the prime factors of y?
3
Suppose 0 = 4*a, -2*m + 4*a + 14 = -0*m. Suppose -m*b = -2*b - 200. What are the prime factors of b?
2, 5
Suppose 5*z - 3*s = 26, 2*z - 10 = -0*z + s. Let v(y) = -10*y + 2. Let i(c) = -5*c + 1. Let r(g) = z*v(g) - 9*i(g). List the prime factors of r(1).
2
Suppose -4*o + 37 = -7. Suppose -y + 2*i = -9, -5*i - o = 4. List the prime factors of y.
3
Let c(b) = 3*b**2 - 2*b - 20. What are the prime factors of c(8)?
2, 3, 13
Suppose -5*u - 3*w = -0*w - 50, -3*u + 30 = -2*w. Suppose 4*h - 3*d + d - u = 0, 3*d = 3*h - 6. What are the prime factors of h/(-2*(-2)/4)?
3
Suppose 4*t - 2*j - 36 = 2*j, -t = -5*j - 25. Suppose 0 = -3*z - 4*i + 72, t*i - 32 = -2*z + 23. List the prime factors of z.
2, 5
Let s(o) = 4*o**2 + 0*o**2 - 2 - 3*o**2 - 5*o. What are the prime factors of s(7)?
2, 3
Suppose 5*d - 114 = 461. Suppose -6*r + r = -d. List the prime factors of r.
23
Let l(g) = g**3 + 4*g**2 - 2*g + 4. Let p be l(-4). Suppose -p = -5*k + m, -6 = 3*k - 2*m - 3*m. List the prime factors of k.
3
Let n = -25 + 13. Let m = 20 + n. What are the prime factors of m?
2
Suppose -5*n = -0*w - 5*w, 0 = -2*n - w + 9. Suppose -z = -n*z. Suppose h + 3*h - 76 = z. What are the prime factors of h?
19
Let x(p) = p**2 + 2*p + 287. List the prime factors of x(0).
7, 41
Let t(w) = -w - 5. Let y be t(-6). Let g be (y*22)/(12/18). Suppose 9 - g = -2*p. What are the prime factors of p?
2, 3
Let b be -1 - (0 + 2/(-2)). What are the prime factors of (b - (-1)/1)*5?
5
Suppose 4*s + v - 235 = 0, 0 = -s - 4*v + 30 + 40. List the prime factors of s.
2, 29
Let g(m) = m**2 - m + 19. List the prime factors of g(-6).
61
What are the prime factors of (18/15)/((-1)/(-10))?
2, 3
Suppose 0 = 4*v + 3*g - 13, 4*v - 5*v + 13 = 4*g. Suppose -22 = -4*u - 2*y, -3 = u - y - v. What are the prime factors of u?
3
Let a = 19 + -47. What are the prime factors of ((-4)/(-5))/(a/(-350))?
2, 5
Suppose -2*w + 24 = 2*w. Suppose -3*c = u - 6*c, -5*c + w = -u. Suppose 3*a - u = 12. List the prime factors of a.
7
Suppose 9 = -5*l + 69. List the prime factors of l.
2, 3
Let u = 6 + -5. Suppose 5*t - 5 = n + 11, t + 2*n = u. List the prime factors of t.
3
What are the prime factors of (30/(-21))/(2/(-14))?
2, 5
Let m be (-102)/8 - (-3)/(-12). Let i = m - -26. List the prime factors of i.
13
Let p = 5 + -1. List the prime factors of (30/5)/(2/p).
2, 3
Let d(l) be the third derivative of 3*l**2 + 1/6*l**4 - l**3 + 0*l + 0. List the prime factors of d(5).
2, 7
Suppose 135 = 2*a + 3*a + 5*v, 3*v = 2*a - 44. Let r = 57 - a. List the prime factors of r.
2
Let n be (-196)/(-35) + 4/10. Let u = -70 + -26. What are the prime factors of u/(-9) + 2/n?
11
Let j = -4 + 6. Suppose 2*s - j = 18. List the prime factors of s.
2, 5
Let f = -10 + 3. What are the prime factors of (f/(-5))/(1/5)?
7
Suppose 4*u - 2*n = 30, u = 2*n + 14 - 5. What are the prime factors of u?
7
Let k = 3 - 4. Let s be k/(-2*(-2)/(-8)). Suppose -2*m = -3*q - 3 - 13, 4*m = -s*q + 48. List the prime factors of m.
11
Let b(z) = z**3 - 13*z**2 + z + 11. What are the prime factors of b(13)?
2, 3
Suppose -2*a + 15 = 3*a + i, -5*i = 0. Suppose -4*d - 16 = -s - 3*s, a*d - 4 = -s. Suppose -4*r - s = -12. List the prime factors of r.
2
Suppose 3*q - q - 20 = 0. Suppose -8*h - 4 = -q*h. What are the prime factors of h?
2
Let k = -7 + -29. Let c = k - -50. What are the prime factors of c?
2, 7
Let w = 606 - 267. What are the prime factors of w?
3, 113
Let w = 62 - 0. What are the prime factors of w?
2, 31
Let n(a) = 228*a + 1. List the prime factors of n(1).
229
Let s = -11 + 12. Suppose -3*d = 5*x - 168 - 90, d = s. What are the prime factors of x?
3, 17
Suppose -50 = -j + 2*f, f = -5*j + 74 + 209. List the prime factors of j.
2, 7
Suppose 0 = -2*v + 86 - 30. List the prime factors of v.
2, 7
Let v(k) = -k**2 - 4*k - 2. Suppose -r - 2 = 2. Let o be v(r). What are the prime factors of 7/(6/(-4) - o)?
2, 7
Let z be -6 + 3 + 5 - -3. Let r be 3 + 0 + z + -6. What are the prime factors of (5/(-10))/(r/(-32))?
2
Let q be 1 + (0 - (-1 - -2)). Suppose -3*p + q*p + 18 = 0. What are the prime factors of p?
2, 3
Suppose 2*t + 0*t - 12 = 0. List the prime factors of 6 + t/(-2) + 3.
2, 3
Suppose -3*d - 52 = v - 6*v, 2*v = 10. What are the prime factors of d/(-12) + 165/20?
3
Let t(q) = -q**3 - 4*q**2 - q - 2. Let c be t(-4). Let f(h) = 5*h - 3 - 5*h**c - h**3 + 2 + 0*h. List the prime factors of f(-6).
5
Let f be (-6)/(-10) - 3/5. Suppose -2*n = -4*d - 8, f = 2*n + 4*d - 33 - 7. What are the prime factors of n?
2, 3
List the prime factors of (-174)/(-4) - (-4)/(10 + -2).
2, 11
Let m = 136 + -123. What are the prime factors of m?
13
Suppose g - 76 = -0*g - 3*o, -g + 48 = -4*o. Suppose -g = 2*h - 6*h. List the prime factors of h.
2
What are the prime factors of 1246/7*(-2)/(-4)?
89
Let v be -3 - 1/2*-10. Suppose v*x = 2*p, 0*x + 2*x - 5 = p. What are the prime factors of (1 + -3)/((-1)/x)?
2, 5
Let w = 488 - 336. What are the prime factors of w?
2, 19
Let f = 30 - 25. Suppose n + 100 = f*p - 3*p, -5*p = 5*n - 265. List the prime factors of p.
3, 17
Let u(x) = -x**3 - 2*x**2 - 2*x - 2. Let f be u(-2). Suppose b + f = 29. List the prime factors of b.
3
Let x be -12*((-2)/(-4) - 1). Let l = 10 + -10. Suppose l*f + x = f. List the prime factors of f.
2, 3
Suppose -3*j - 223 - 305 = 0. List the prime factors of j/40*5/(-2).
11
Let x be ((-8)/10)/((-4)/(-20)). List the prime factors of (0 - -2)/(x/(-22)).
11
Let c(r) = 2*r**2 + 5*r + 2. Let g be c(-3). Suppose -j + g + 0 = 0. Suppose j*s = 5, -5*h + s = -2*s - 67. List the prime factors of h.
2, 7
Let a = 9 - 6. Suppose 4*q = -2*r - a*r + 56, 5*r = q + 11. Suppose -5*i + 27 = 3*d, -5*d + 11 = -q. List the prime factors of i.
3
Suppose 3*t = 5*u + 7, -47 = -3*t + 2*u - 7*u. List the prime factors of (40/12)/(3/t).
2, 5
Let m be 18/4*(-8)/(-3). Suppose 0 = -2*s + 4 + 4, l + 2*s = 6. Let y = l + m. List the prime factors of y.
2, 5
Let l(p) = 4*p - 8. Let f(k) = -k**2 - 9*k + 11.